ive of -2*n**3 + 142*n**2 + 12*n + 20. Give h(23).
8
Let z(s) be the second derivative of -s**7/504 + s**6/720 - s**4/6 - s. Let v(j) be the third derivative of z(j). Suppose -2 + 21 = 11*g + 8*g. Calculate v(g).
-4
Let j be -7 + 2*(-2)/(-4). Let t(c) be the second derivative of c**5/20 + c**4/2 - c**3/6 - c**2 - 24911*c. Determine t(j).
4
Let r(m) = 19*m**3 - 3*m**2 - 24*m - 11. Let f(n) = -23*n**3 + 6*n**2 + 25*n + 12. Let h(b) = 5*f(b) + 6*r(b). Determine h(10).
4
Let d(v) = v**2 - 12*v + 42. Let q = 9751 - 9741. Calculate d(q).
22
Let l = 72 + -52. Suppose 83 = 3*k + l. Let n = 17 - k. Let c(a) = a**3 + 4*a**2 - 3*a + 2. Give c(n).
14
Let u(z) = -z + 5*z**2 - 16*z**2 + 26*z**2. Let c be (-9 + 8)*(-4 - -3). Calculate u(c).
14
Let a(m) = -5*m + 1. Let h(l) = 32*l - 37. Let q be h(6). Let g be q/(-5) - -1*1. Let s be 42/g + (-6)/10. Determine a(s).
11
Let s(o) = 44*o**2 - 163*o - 290. Let j be s(5). Let i(v) = 2*v + 2*v - 3*v + v**2 - 2. Calculate i(j).
18
Let x(d) be the third derivative of 3*d**4/4 - 13*d**3/6 - 1923*d**2 - 3*d - 2. Give x(1).
5
Let b(q) be the first derivative of 15*q**2 - 125 + 4*q - 2*q + 13*q**2 - 24*q**2. Give b(-1).
-6
Let h(m) = m**3 - 4*m**2 - 8*m - 3. Let u(r) = -2*r**3 - 2*r**2 - 6*r - 14. Let j be u(-2). What is h(j)?
21
Let h = -581 + 596. Suppose 4*o + 20 = -d, -3*o + 12*d - 6 = h*d. Let m(i) = 2*i**2 + 14*i + 10. What is m(o)?
-2
Let v(p) = p**3 - p**2 + p - 1. Let w = 7563 + -7563. Calculate v(w).
-1
Let z be (1 + (-222)/30 + -47 + 54)*-10. Let u(s) = s**2 + 1. Let o(h) = 3*h**2 + 3*h - 2. Let y(c) = -o(c) + 2*u(c). Calculate y(z).
-14
Let q(s) = 3*s + 1 - 9*s - 2 - 190*s**2 - 1 + 189*s**2. What is q(-5)?
3
Let p(f) be the third derivative of -f**6/120 + f**5/5 + f**4/3 - 103*f**3/6 - 1575*f**2. What is p(12)?
-7
Let w = -7 + 3. Let t(k) be the first derivative of k**6/360 - k**4/8 + 2*k**3 - 43. Let f(u) be the third derivative of t(u). Give f(w).
13
Let f(n) be the first derivative of n**3/3 - 3*n**2 - 49*n + 3583. Give f(13).
42
Let w(p) = -3*p + 8. Let r be w(5). Let q(z) = -9 - 5*z**3 - 208*z**2 - 4*z + 201*z**2 + 4*z**3. Calculate q(r).
19
Let t(g) = -40*g - 993. Let z be t(-25). Let o(s) = 4*s - 22. Calculate o(z).
6
Let n(o) be the second derivative of o**3/3 + 2*o**2 - 2*o - 17. Let t = 99 - 105. What is n(t)?
-8
Let n = 212 + -199. Let c(b) = 5*b + 15. Let j(f) = -11*f - 32. Let q(w) = n*c(w) + 6*j(w). Determine q(3).
0
Let t(i) = -10*i + 4*i**2 + 5 - 6*i**2 + 28*i**2 + 0 + 2*i. Let f(q) = -26*q**2 + 10*q - 6. Let h(b) = -4*f(b) - 5*t(b). Calculate h(-1).
-27
Let x(p) = -p**3 - 29*p**2 - 27*p + 28. Let y(o) = -o**3 + 20*o**2 - 26*o + 105. Let m be y(19). Determine x(m).
0
Let q = 7857 + -7862. Let p(l) = l. Let o(x) = x**2 - 2*x - 4. Let f be o(3). Let k(t) = -4*t - 11. Let h(i) = f*k(i) - 3*p(i). Calculate h(q).
6
Let z(u) be the third derivative of u**5/60 + 2*u**4/3 - 37*u**3/6 + 566*u**2. What is z(-19)?
20
Let x(w) be the second derivative of 0 + w**2 + 103*w - 1/6*w**3 - 1/12*w**4. What is x(4)?
-18
Let b be (11 - 19)/(1/(-45)). Suppose -u + b = -10*u. Let v = u - -44. Let h(g) = 2*g**2 - 6*g + 4. Calculate h(v).
12
Suppose 19*y - 10 - 47 = 0. Let b(z) = 6*z + 4*z**2 - 3 - 3*z**2 + 5*z - y*z - 2. Give b(-7).
-12
Let w(z) be the third derivative of -1/120*z**6 + 4/3*z**3 - 62*z**2 + 3/20*z**5 + 3/8*z**4 + 0*z + 0. Determine w(10).
-2
Let v(r) = 2*r**2 - 4. Let k(g) = 7*g**2 + 15*g - 31. Let c(l) = k(l) - 3*v(l). What is c(-18)?
35
Let k = 4799 + -4803. Let q(v) = -v**3 - v**2 + 2. Let p be q(0). Let x(t) = -2*t**2 - t**3 - t + 1 - p*t**2 + 0. Calculate x(k).
5
Let u(k) = 0 + 0 - 63*k - 4 + 57*k + 27*k. Calculate u(3).
59
Let u be 25/((-4)/(-16)*4). Let t = u + -21. Let a(l) = -l + 4 - t + 3. Give a(-7).
10
Let i(m) = m**3 + 25*m**2 + 66*m. Let p(c) = -c**3 - 23*c**2 - 94*c + 114. Let u be p(-17). Determine i(u).
0
Let n be (2/(-5))/((-721)/(-245) - 3). Let s(m) be the first derivative of -6*m - 1/3*m**3 - 4 + 9/2*m**2. Give s(n).
8
Let m(b) be the first derivative of b**3 - 2*b**2 + 3*b - 1498. Determine m(3).
18
Let s(o) = -16568*o**2 + 2*o - 16584*o**2 + 33153*o**2. What is s(3)?
15
Let c(x) = x**2 + 8*x - 23. Suppose -18 = z - 25*o + 27*o, -3*z - 4*o = 46. What is c(z)?
-3
Suppose -11*s - 2958 = -16224. Let i(p) = s*p + p**2 + 53 - 50 - 1214*p. Suppose 3*b - 22 + 7 = 0. Determine i(b).
-12
Let g(s) = 4*s**3 - 109*s**2 - 8*s + 14. Let b(y) = -3*y**3 + 89*y**2 + 8*y - 13. Let m(l) = 5*b(l) + 4*g(l). Determine m(-7).
33
Let b(q) = -2*q**2 - 3*q - 3. Let j(i) = -i + 55. Let l be j(0). Suppose -53*w + 4 = -l*w. What is b(w)?
-5
Let m(z) = -z**3 + 18*z**2 - z + 5. Suppose 0 = -58*o + 53*o + 25, -3*o - 57 = -4*x. Determine m(x).
-13
Let b be (-4)/14 + (-200)/35. Let l be ((-1752)/5)/b + (-2)/5. Let f(g) = -6 - 34*g + l*g - 30*g. Calculate f(-4).
18
Suppose 0 = -6*n + 5*n. Suppose -4*l + 2*l - 6 = n. Let z(k) be the first derivative of -k**4/4 - k**3 + 2*k + 11. What is z(l)?
2
Let w be 33/(-4) + (-54)/72. Let z(q) be the second derivative of 0 - 16*q - 5/2*q**2 - 1/6*q**3. Determine z(w).
4
Let h(w) = 5*w + 26. Let c(v) = -2*v**2 - 287*v - 576. Let s be c(-2). Calculate h(s).
-24
Let r(m) = m**3 - 7*m**2 + 4*m + 13. Let w = 4454 - 4447. Determine r(w).
41
Let m(b) = b**2 - 12*b + 30. Suppose -6*q - 3*q - 8708 = -8816. What is m(q)?
30
Suppose 32 = 49*v - 213. Let y(q) = 2*q**2 - 7*q + 7. Determine y(v).
22
Let v be (8/4 - 0)*10/4. Suppose -b - v*q = -3*b + 39, 4*b - 2*q = 54. Suppose 6*m + b = 3*m. Let s(i) = -2*i - 5. Give s(m).
3
Let m(n) = -2*n + 4. Suppose q = -0*q + 4*i + 20, -i + 100 = 5*q. Let z = 30 - q. Suppose 3*l = -4*y, y + y - z = -4*l. What is m(l)?
-4
Let q(j) = -j - 1. Let f(g) = 12*g**2 - 6*g - 6. Let p = 36 - 31. Let h(b) = p*q(b) - f(b). Suppose 3 + 2 = -5*c. Calculate h(c).
-12
Let d(h) = h + 7. Let k(x) = -2*x**2 + x. Let s(q) = q**3 + 7*q**2 - 5*q + 1. Let t(u) = -9*k(u) - 2*s(u). Let r be t(2). Calculate d(r).
7
Let w(r) = -91*r + 1732. Let m be w(19). Let d(j) = -j**3 - j**2 + 3*j - 7. Give d(m).
-34
Let v(j) = j**2 + 5*j + 4. Let n(w) = w**2 + 6*w - 32. Suppose -3*k - 2*y = 30, -4*k = -y - y + 40. Let z be n(k). Suppose 5*s = z*s + 18. What is v(s)?
10
Let v(f) = -4*f + 35 - 32 + 4 + 3*f. Calculate v(-12).
19
Let l(d) = -d**3 - 2*d**2 + 7*d + 12. Let r be 51/136*(5 + -13). Give l(r).
0
Let p(k) = 7*k - 905 - 8*k - 3*k + 493 + 404. Suppose -s + 7 = -2*s. Determine p(s).
20
Let x be 11/220*50 - (-265)/10. Let u(c) = 4*c - 105. Give u(x).
11
Let p(a) be the first derivative of -a**4/2 + 11*a**3/3 + 4*a**2 - 27*a + 3218. Calculate p(6).
-15
Let n(w) = w**2 + 7*w + 9. Let a(d) = -5*d**2 + 4*d + 1. Let c be (-1)/(2/(-2) + 2). Let t be a(c). Determine n(t).
17
Let k(t) = -t**3 - 19*t**2 - 16*t + 8. Suppose -385*n - 3350 = -102*n + 1744. Give k(n).
-28
Let t be (-36)/(-90) + 24/15 + (-2)/1. Let b(f) = -f**3 - f**2 - 2*f + 32. Determine b(t).
32
Let b(r) be the third derivative of r**4/12 - 2*r**3/3 - 22*r**2. Let u(x) = 5*x - 9. Let n(t) = 7*b(t) - 3*u(t). Suppose -11 = -2*c - 7. Calculate n(c).
-3
Let t(m) = 9*m**2 - m. Suppose 1 = 5*v - 9, 4*v = -5*k + 13. Determine t(k).
8
Suppose 0 = 5*z - 44 + 39. Let y = 1 + z. Let n(c) = 8*c - 3. Calculate n(y).
13
Let c(y) = 7*y**2 - 18*y + 19. Let z(p) = -49*p + 6 + 40*p + 3*p**2 + 4. Let x(j) = -2*c(j) + 5*z(j). What is x(8)?
4
Let v(n) be the second derivative of 120*n - 2*n**2 + 0 - 2/3*n**3. What is v(-7)?
24
Let n(o) = -o**3 + 6*o**2 + 8. Let z(y) = -73*y**2 + 7*y + 12. Let j be z(-2). Let i = -288 - j. Determine n(i).
8
Suppose 0 = 5*v - 3*f - 49 - 10, v + 4*f - 21 = 0. Let i(d) = -10 + 17 + 15 - 15*d + d**2. Let t be i(v). Let g(u) = u**3 + 5*u**2 + u - 3. What is g(t)?
9
Suppose -39 = -3*n + 6*n. Let y = n + 11. Let j(x) be the first derivative of -3*x**2/2 - x + 355. What is j(y)?
5
Suppose -30 = -7*o + 61. Suppose 0 = 4*k - o + 37. Let y(r) = 11*r + 13. Let q(d) = 5*d + 6. Let z(l) = k*y(l) + 13*q(l). Determine z(7).
-7
Suppose -20*u = -10*u - 10. Let l(k) = 19*k - 3*k - 41*k. Give l(u).
-25
Let m = -272 + 261. Let k(a) = 3*a**2 + 5*a - 11. Let h(u) = 8*u**2 + 15*u - 31. Let g(r) = m*k(r) + 4*h(r). What is g(4)?
1
Let p = -79 + 67. Let y(k) = -k**3 - 13*k**2 - 16*k - 9. Calculate y(p).
39
Suppose -2*z + 5 = -1. Let b(o) = -8